+ 1. Determine g(-2).
-7
Let m(b) = 12*b**2 + 3*b - 1. Determine m(2).
53
Let c(h) = h**2 + 15*h - 16. Calculate c(-11).
-60
Let k(h) = 6*h - 7. Calculate k(8).
41
Let k(w) = w**3 + 7*w**2 - 8*w + 8. What is k(-8)?
8
Let s(j) = j**3 + 10*j**2 + 9. Calculate s(-10).
9
Let m(u) = u**2 - 7*u - 5. Give m(6).
-11
Let f(p) = -p**3 - 15*p**2 + 15*p - 18. Give f(-16).
-2
Let m(x) = -45*x + 453. Determine m(10).
3
Let w(g) = -g**2 - g + 1. Calculate w(4).
-19
Let i(a) = -31*a**3 - 3*a + 4. Determine i(1).
-30
Let r(b) = b**2 - 4. Determine r(-2).
0
Let c(y) = y**3 + 21*y**2 - 70*y + 41. Give c(-24).
-7
Let g(d) = 22*d**3 - 2*d**2 - d. Give g(-1).
-23
Let r(m) = 5*m**2 + 7*m + 4. Give r(-7).
200
Let x(v) = -49*v + 291. Calculate x(6).
-3
Let r(p) = -4*p - 45. Calculate r(-13).
7
Let s(y) = y**3 + 7*y**2 + 4*y - 10. Determine s(-5).
20
Let t(d) = 3*d - 13. Calculate t(14).
29
Let b(u) = u**2 + 12*u - 11. What is b(-10)?
-31
Let g(n) = -3*n**2 - 4*n + 1. Determine g(-3).
-14
Let n(s) = s**3 + s**2 - 25. Give n(0).
-25
Let q(x) = x**2 - 19*x - 19. Determine q(20).
1
Let v(o) = -o**3 - 6*o**2 + 2*o + 6. Calculate v(-5).
-29
Let b(d) = -29*d + 260. Determine b(9).
-1
Let y(d) = -7*d + 20. Give y(6).
-22
Let c(m) = m + 28. Determine c(-9).
19
Let b(a) = -4*a**2 + 2*a - 3. What is b(3)?
-33
Let z(o) = -o**2 + 15*o - 4. Calculate z(14).
10
Let b(c) = c**3 + 19*c**2 + 15*c - 24. Give b(-18).
30
Let a(x) = x**2 - 9*x + 32. What is a(10)?
42
Let l(o) = o**2 - 6*o + 4. Calculate l(5).
-1
Let g(s) = s**3 - 3*s**2 - s + 5. Determine g(3).
2
Let p(y) = -2*y**2 - 37*y + 70. Calculate p(2).
-12
Let z(d) = d**2 - 2*d - 3. Calculate z(-6).
45
Let o(h) = 38*h - 137. Give o(4).
15
Let s(z) = 12*z - 17. Determine s(2).
7
Let j(s) = 3*s**3 + 39*s**2 - s - 9. Give j(-13).
4
Let y(q) = q**2 + 10*q + 33. Calculate y(-5).
8
Let z(r) = r**2 + 14*r - 25. What is z(-16)?
7
Let k(h) = -5*h + 161. What is k(30)?
11
Let l(t) = t**2 - 10*t - 4. Give l(14).
52
Let g(h) = 22*h**2 - 3*h - 2. Calculate g(-1).
23
Let w(c) = -c**3 - 3*c**2 - 2*c + 1. What is w(2)?
-23
Let c(i) = -13*i + 5. Determine c(7).
-86
Let n(u) = 70*u. Calculate n(1).
70
Let r(c) = c**3 + 6*c**2 - 8. Give r(-6).
-8
Let u(o) = -2*o + 24. Calculate u(7).
10
Let x(b) = b + 12. Give x(-17).
-5
Let m(n) = -n**2 + 12*n - 27. Give m(8).
5
Let u(q) = -q**3 - 9*q**2 - 6*q - 29. Determine u(-9).
25
Let r(k) = k**3 - 24*k**2 + 25*k - 36. What is r(23)?
10
Let g(k) = k**3 - 10*k**2 - 8*k - 28. Give g(11).
5
Let j(n) = 5*n + 102. Calculate j(-21).
-3
Let b(s) = -3*s**2 + 3*s + 1. Give b(3).
-17
Let x(j) = -j**2 - 7*j + 75. Calculate x(-12).
15
Let p(k) = 75*k - 8. Determine p(0).
-8
Let l(o) = -o**2 + 21*o - 21. Determine l(20).
-1
Let z(s) = -23*s - 410. Calculate z(-18).
4
Let w(z) = -2*z**2 + 62*z + 44. Calculate w(32).
-20
Let j(l) = l**2 - 16*l - 104. Calculate j(19).
-47
Let v(j) = j**2 + 5*j + 12. Calculate v(-4).
8
Let b(f) = -f**3 - 10*f**2 - 7*f + 7. Calculate b(-9).
-11
Let f(u) = -13*u + 45. Give f(4).
-7
Let r(k) = -k**3 - 4*k**2 + 6*k + 5. Give r(-5).
0
Let z(c) = c**2 + 13*c + 36. Calculate z(-11).
14
Let p(y) = -19*y - 5. What is p(0)?
-5
Let j(g) = g**3 + 9*g**2 + 9*g + 2. Calculate j(-7).
37
Let g(j) = j**3 + 6*j**2 + 12*j + 4. Give g(-5).
-31
Let l(d) = 18*d**2 + 9*d + 6. What is l(-1)?
15
Let t(s) = s**2 - 7*s - 6. Calculate t(0).
-6
Let n(v) = 15*v - 174. Calculate n(11).
-9
Let b(m) = m**2 + 29*m + 48. Determine b(-28).
20
Let h(k) = k**3 + 10*k**2 + 21*k - 10. Determine h(-7).
-10
Let t(o) = -o**2 - 11*o - 2. Determine t(-10).
8
Let j(y) = 4*y - 12. Give j(8).
20
Let l(d) = d**2 + 11*d - 100. Determine l(8).
52
Let z(i) = i**3 + 13*i**2 + 13*i + 17. Calculate z(-12).
5
Let z(n) = -n + 55. What is z(28)?
27
Let n(h) = -h**3 + 6*h**2 - 2*h - 8. Calculate n(6).
-20
Let b(d) = d - 2. Calculate b(-9).
-11
Let z(w) = -26*w. Give z(2).
-52
Let m(l) = l**2 - 3*l - 5. Determine m(5).
5
Let m(x) = -x**3 + 6*x**2 + 4*x + 15. Calculate m(7).
-6
Let l(d) = 3*d - 10. Give l(5).
5
Let c(d) = d**3 + 6*d**2 - 9*d - 5. What is c(-7)?
9
Let i(q) = -q**2 + 17*q - 45. Determine i(10).
25
Let v(p) = -4*p + 4. Give v(4).
-12
Let k(t) = -12*t + 99. What is k(6)?
27
Let l(x) = x**3 + 41*x**2 + 78*x + 1. What is l(-39)?
1
Let y(x) = -x**3 - 9*x**2 - 20*x - 105. What is y(-8)?
-9
Let k(a) = 2*a + 15. What is k(-11)?
-7
Let p(y) = y**2 + 146*y + 429. Calculate p(-3).
0
Let b(v) = 2*v**2 - 27*v - 19. Determine b(14).
-5
Let p(w) = -w - 5. Determine p(-2).
-3
Let k(x) = -x**3 + 2*x**2 - 15*x + 52. Determine k(3).
-2
Let w(b) = -6*b + 7. Give w(2).
-5
Let g(b) = -b**3 + b**2 - b + 4. Calculate g(2).
-2
Let h(d) = d**3 - 16*d**2 + d - 15. What is h(16)?
1
Let u(c) = -2*c + 19. Give u(7).
5
Let k(m) = 6*m - 71. Determine k(12).
1
Let n(q) = 2*q**2 - 12*q - 59. Determine n(-9).
211
Let j(r) = r**2 - 23*r - 144. Determine j(-5).
-4
Let n(u) = -u**3 + 3*u**2 + 5*u - 2. Calculate n(2).
12
Let o(r) = 3*r + 8. Give o(11).
41
Let l(c) = -c**3 + 4*c**2 - 6*c + 7. Determine l(5).
-48
Let z(m) = -2*m - 35. Calculate z(-28).
21
Let v(n) = 45*n + 215. What is v(-5)?
-10
Let g(h) = -h**3 - 2*h**2 - 3*h + 6. Calculate g(-4).
50
Let q(i) = -i**3 + 2*i + 5. Give q(0).
5
Let b(w) = 44*w + 5. Calculate b(1).
49
Let k(g) = g**3 - 7*g**2 + 11*g - 14. Calculate k(4).
-18
Let o(h) = -h**2 + 2. What is o(-6)?
-34
Let j(k) = k**3 + k**2 + 2*k - 4. Give j(0).
-4
Let y(f) = f**3 - 13*f**2 + 16. Give y(13).
16
Let u(t) = -5*t + 5. What is u(2)?
-5
Let a(w) = -2*w**2 - 15*w - 5. Calculate a(-7).
2
Let j(d) = d**3 + 4*d**2 + 3*d + 5. Give j(-2).
7
Let o(l) = l**3 - 6*l**2 - 30*l + 24. What is o(9)?
-3
Let p(f) = 2*f**2 - 23*f - 307. What is p(-8)?
5
Let k(l) = -l**3 + 8*l**2 - 6*l - 8. What is k(8)?
-56
Let a(c) = 4*c**2 + 9*c + 5. Give a(-4).
33
Let h(n) = -2*n**2 + 10*n + 7. What is h(5)?
7
Let v(p) = p**3 + 5*p**2 + 2*p - 1. Determine v(-3).
11
Let k(j) = j**2 - 18*j - 12. What is k(15)?
-57
Let v(w) = w**3 - 6*w**2 + 5*w + 2. Calculate v(7).
86
Let g(j) = 3*j**2 + j + 15. Give g(-5).
85
Let l(s) = s**3 - 8*s**2 + s - 11. What is l(8)?
-3
Let n(s) = 4*s**3 - 5*s**2 + 2*s - 4. Calculate n(2).
12
Let k(u) = 2*u**2 - 15*u - 12. Give k(8).
-4
Let k(a) = -44*a - 2. What is k(-2)?
86
Let f(x) = -x**2 + x + 87. Calculate f(10).
-3
Let x(j) = -j**3 - 8*j**2 + 12*j + 8. Give x(-9).
-19
Let u(k) = k**2 - 10*k + 13. What is u(7)?
-8
Let m(q) = -8*q**3 + q**2 - q - 2. Calculate m(-1).
8
Let y(c) = c**2 - 5*c + 3. What is y(7)?
17
Let a(g) = -10*g - 15. What is a(-3)?
15
Let o(f) = 6*f + 6. Give o(6).
42
Let r(y) = 41*y + 42. Give r(-1).
1
Let d(o) = o**2 + 7*o + 7. Determine d(-7).
7
Let b(n) = n**3 - 12*n**2 + 11*n - 1. Give b(11).
-1
Let k(f) = -f**3 + 3*f**2 + 15*f + 7. Give k(6).
-11
Let m(x) = x**2 + 9*x - 29. Determine m(-12).
7
Let m(c) = c**2 - 17*c + 18. Calculate m(16).
2
Let i(n) = 3*n - 5. What is i(7)?
16
Let f(y) = -y + 30. What is f(23)?
7
Let u(x) = -x**3 - 3*x - 3. Give u(0).
-3
Let a(k) = k**3 - 12*k**2 - k + 14. Calculate a(11).
-118
Let q(p) = p**2 - 9*p + 17. Give q(3).
-1
Let q(p) = -2*p**2 - 23*p - 16. Determine q(-11).
-5
Let q(x) = -x - 7. Determine q(5).
-12
Let o(m) = -m**2 + 13*m + 118. Calculate o(-6).
4
Let m(d) = d**3 - 7*d**2 + 5*d - 5. Determine m(6).
-11
Let r(a) = 5*a**2 + 111*a + 28. Calculate r(-22).
6
Let k(i) = i**3 - 38*i**2 + 105*i - 6. Determine k(35).
-6
Let r(k) = -k**3 + 4*k**2 - 5*k - 6. What is r(5)?
-56
Let r(o) = 9*o**2 + 2*o + 7. Calculate r(-3).
82
Let h(g) = 3*g + 5. Calculate h(10).
35
Let v(o) = 137*o - 562. Calculate v(4).
-14
Let s(v) = -4*v**2 + 6*v - 18. Determine s(0).
-18
Let q(j) = 10*j - 3. Determine q(1).
7
Let f(v) = -v - 12. Determine f(-5).
-7
Let b(i) = -27*i - 290. Determine b(-11).
7
Let x(f) = -f + 30. Determine x(22).
8
Let s(w) = w**2 - 13*w + 1. Calculate s(13).
1
Let q(k) = -k**3 - 7*k**2 + 3*k - 11. Determine q(-7).
-32
Let l(g) = 7*g - 27. Determine l(8).
29
Let s(m) = -m**2 + 17*m + 137. What is s(-6)?
-1
Let j(m) = -m**3 - 10*m**2 - 5*m + 3. Calculate j(-9).
-33
Let p(b) = b**2 - 2*b - 52. Determine p(0).
-52
Let n(q) = -q**2 - 5*q. Determine n(-4).
4
Let b(a) = a - 5. Give b(-8).
-13
Let h(i) = 11*i + 71. Determine h(-7).
-6
Let k(h) = -2*h**2 - 5*h + 13. What is k(-3)?
10
Let g(n) = -n**2 - 9*n 